hen 1435784 is divided by 195.
194
Calculate the remainder when 4776 is divided by 227.
9
Calculate the remainder when 55716 is divided by 6961.
28
What is the remainder when 3482 is divided by 199?
99
Calculate the remainder when 140829 is divided by 31.
27
What is the remainder when 13388 is divided by 223?
8
Calculate the remainder when 415178 is divided by 207573.
32
What is the remainder when 35498 is divided by 530?
518
What is the remainder when 2413 is divided by 135?
118
Calculate the remainder when 8146 is divided by 729.
127
Calculate the remainder when 17293 is divided by 206.
195
What is the remainder when 8088 is divided by 56?
24
What is the remainder when 6184 is divided by 875?
59
Calculate the remainder when 62666 is divided by 1692.
62
Calculate the remainder when 2383 is divided by 426.
253
What is the remainder when 24462 is divided by 139?
137
What is the remainder when 65012 is divided by 56?
52
Calculate the remainder when 2148213 is divided by 84.
81
What is the remainder when 671505 is divided by 95929?
2
Calculate the remainder when 1175130 is divided by 48.
42
Calculate the remainder when 6862 is divided by 22.
20
What is the remainder when 3206 is divided by 47?
10
Calculate the remainder when 1019895 is divided by 339964.
3
Calculate the remainder when 57680 is divided by 15.
5
Calculate the remainder when 3007 is divided by 435.
397
What is the remainder when 204677 is divided by 3721?
22
Calculate the remainder when 10215 is divided by 796.
663
Calculate the remainder when 12212 is divided by 1701.
305
What is the remainder when 43380 is divided by 34?
30
What is the remainder when 152253 is divided by 239?
10
What is the remainder when 7904 is divided by 133?
57
What is the remainder when 1525 is divided by 346?
141
What is the remainder when 9656 is divided by 5?
1
What is the remainder when 6085222 is divided by 19?
16
What is the remainder when 9864 is divided by 211?
158
What is the remainder when 175587 is divided by 339?
324
What is the remainder when 140222 is divided by 15579?
11
What is the remainder when 25111 is divided by 895?
51
What is the remainder when 140181 is divided by 11?
8
Calculate the remainder when 88877 is divided by 315.
47
What is the remainder when 10531 is divided by 10503?
28
What is the remainder when 3655703 is divided by 78?
77
Calculate the remainder when 9991 is divided by 1640.
151
Calculate the remainder when 4529 is divided by 732.
137
Calculate the remainder when 659 is divided by 168.
155
Calculate the remainder when 12424 is divided by 4132.
28
What is the remainder when 10445 is divided by 10082?
363
Calculate the remainder when 14765 is divided by 2797.
780
What is the remainder when 3170 is divided by 620?
70
What is the remainder when 8495 is divided by 265?
15
What is the remainder when 608 is divided by 8?
0
Calculate the remainder when 137948 is divided by 255.
248
What is the remainder when 2359 is divided by 1077?
205
What is the remainder when 4181 is divided by 1340?
161
Calculate the remainder when 9350 is divided by 9309.
41
Calculate the remainder when 4753 is divided by 420.
133
What is the remainder when 48418 is divided by 100?
18
What is the remainder when 53116 is divided by 24?
4
What is the remainder when 2969 is divided by 99?
98
What is the remainder when 112498 is divided by 30?
28
What is the remainder when 9103 is divided by 2275?
3
Calculate the remainder when 5674 is divided by 122.
62
Calculate the remainder when 75756 is divided by 37829.
98
What is the remainder when 2817 is divided by 10?
7
What is the remainder when 657589 is divided by 13?
10
What is the remainder when 68274 is divided by 267?
189
Calculate the remainder when 219182 is divided by 1353.
1349
What is the remainder when 13377 is divided by 701?
58
What is the remainder when 2660 is divided by 664?
4
What is the remainder when 41532 is divided by 75?
57
Calculate the remainder when 91302 is divided by 197.
91
What is the remainder when 21354 is divided by 21323?
31
Calculate the remainder when 25034 is divided by 51.
44
What is the remainder when 655 is divided by 135?
115
Calculate the remainder when 73714 is divided by 73700.
14
Calculate the remainder when 3747 is divided by 1249.
0
Calculate the remainder when 28513 is divided by 425.
38
Calculate the remainder when 54442 is divided by 37.
15
What is the remainder when 51721 is divided by 25858?
5
Calculate the remainder when 1615424 is divided by 614.
604
What is the remainder when 21030 is divided by 263?
253
What is the remainder when 109966 is divided by 1832?
46
Calculate the remainder when 13245 is divided by 125.
120
Calculate the remainder when 27187 is divided by 49.
41
Calculate the remainder when 3710 is divided by 3528.
182
Calculate the remainder when 154843 is divided by 111.
109
Calculate the remainder when 133629 is divided by 44538.
15
Calculate the remainder when 8423 is divided by 765.
8
Calculate the remainder when 3237 is divided by 18.
15
What is the remainder when 1300 is divided by 359?
223
Calculate the remainder when 7061 is divided by 138.
23
Calculate the remainder when 1189 is divided by 277.
81
Calculate the remainder when 1879 is divided by 25.
4
Calculate the remainder when 476 is divided by 469.
7
What is the remainder when 1859 is divided by 221?
91
Calculate the remainder when 112075 is divided by 27.
25
Calculate the remainder when 106290 is divided by 33.
30
What is the remainder when 227380 is divided by 563?
491
Calculate the remainder when 4815 is divided by 229.
6
What is the remainder when 85849 is divided by 50?
49
Calculate the remainder when 3815 is divided by 1869.
77
Calculate the remainder when 310435 is divided by 166.
15
What is the remainder when 4437 is divided by 178?
165
Calculate the remainder when 19402 is divided by 924.
922
Calculate the remainder when 137885 is divided by 1014.
995
What is the remainder when 1379 is divided by 238?
189
Calculate the remainder when 6567 is divided by 9.
6
Calculate the remainder when 254654 is divided by 84882.
8
Calculate the remainder when 495 is divided by 346.
149
What is the remainder when 159593 is divided by 164?
21
Calculate the remainder when 7607 is divided by 1810.
367
Calculate the remainder when 8944702 is divided by 17.
16
What is the remainder when 2531 is divided by 7?
4
What is the remainder when 29354 is divided by 586?
54
Calculate the remainder when 8842 is divided by 74.
36
Calculate the remainder when 167 is divided by 142.
25
Calculate the remainder when 22089 is divided by 5438.
337
What is the remainder when 25194 is divided by 12441?
312
Calculate the remainder when 330221 is divided by 1295.
1291
Calculate the remainder when 37264 is divided by 28.
24
Calculate the remainder when 619 is divided by 5.
4
Calculate the remainder when 6934 is divided by 101.
66
Calculate the remainder when 3429 is divided by 88.
85
What is the remainder when 131303 is divided by 746?
7
Calculate the remainder when 2878 is divided by 2673.
205
What is the remainder when 33314 is divided by 55?
39
What is the remainder when 147849 is divided by 333?
330
Calculate the remainder when 2689 is divided by 829.
202
What is the remainder when 1311445 is divided by 7?
2
What is the remainder when 232208 is divided by 343?
340
What is the remainder when 394054 is divided by 265?
264
What is the remainder when 12782 is divided by 166?
0
What is the remainder when 35870 is divided by 19?
17
What is the remainder when 157067 is divided by 123?
119
What is the remainder when 35627 is divided by 509?
506
What is the remainder when 3521 is divided by 91?
63
What is the remainder when 11350 is divided by 2835?
10
Calculate the remainder when 165490 is divided by 14.
10
Calculate the remainder when 43135 is divided by 132.
103
Calculate the remainder when 525927 is divided by 16.
7
Calculate the remainder when 134446 is divided by 4.
2
What is the remainder when 53956 is divided by 17891?
283
Calculate the remainder when 40123 is divided by 704.
699
What is the remainder when 12051 is divided by 268?
259
What is the remainder when 52327 is divided by 82?
11
What is the remainder when 5092 is divided by 2510?
72
Calculate the remainder wh